 the greatest common factor of 37 and 759353294?
37
Calculate the greatest common divisor of 94620 and 911220.
60
What is the highest common factor of 16720683 and 9513?
3171
Calculate the greatest common factor of 331958 and 3739780.
4202
What is the greatest common divisor of 2035250240 and 320?
320
Calculate the greatest common factor of 1950088 and 26566.
718
What is the highest common factor of 1201020 and 35520?
2220
What is the greatest common factor of 191314090 and 2630?
2630
What is the greatest common divisor of 5929 and 17168081?
49
What is the greatest common factor of 5306611 and 4615?
71
Calculate the highest common divisor of 545 and 7263106.
109
Calculate the greatest common factor of 2002 and 973154.
182
Calculate the greatest common factor of 1974 and 32082.
6
What is the highest common divisor of 266787 and 417339?
1107
What is the highest common divisor of 708 and 2244108?
12
What is the highest common factor of 41490148 and 1064?
532
What is the greatest common divisor of 332870 and 1030?
10
What is the greatest common divisor of 2814 and 7489461?
1407
Calculate the highest common factor of 85974 and 42566790.
966
Calculate the greatest common factor of 6446 and 536954.
22
What is the highest common divisor of 23042500 and 1750?
250
What is the highest common factor of 982 and 215686971?
491
What is the greatest common divisor of 41722 and 1823977?
907
Calculate the highest common divisor of 533 and 5689021.
13
What is the greatest common divisor of 47938181 and 16541?
2363
What is the highest common divisor of 18408 and 5532904?
104
Calculate the greatest common divisor of 1270 and 150790.
10
Calculate the greatest common factor of 2049 and 88404105.
2049
What is the highest common factor of 1721 and 67960569?
1721
Calculate the greatest common divisor of 39445 and 2738610.
5635
What is the greatest common divisor of 65 and 4494685?
65
Calculate the highest common factor of 2675 and 5192050.
25
What is the highest common divisor of 50308836 and 132?
12
What is the highest common factor of 139556456 and 13?
13
What is the greatest common divisor of 448 and 5421760?
64
Calculate the highest common factor of 591965 and 135689.
47
Calculate the greatest common divisor of 11744348 and 11781.
1309
What is the highest common divisor of 2344072 and 68704?
904
What is the highest common factor of 180204620 and 2075?
415
Calculate the highest common factor of 5208 and 884069284.
868
What is the greatest common factor of 8267827 and 16256?
127
What is the greatest common factor of 2156 and 18568?
44
What is the greatest common divisor of 16 and 12576232?
8
What is the greatest common divisor of 688328751 and 44495?
8899
Calculate the highest common divisor of 1760 and 1481095.
55
What is the highest common divisor of 519430935 and 4245?
4245
What is the highest common divisor of 13551 and 56878064?
4517
What is the greatest common divisor of 414 and 5339036?
46
Calculate the greatest common divisor of 25119768 and 24.
24
Calculate the highest common divisor of 7548 and 1941908.
148
What is the greatest common divisor of 434 and 791630?
14
Calculate the highest common factor of 45940913 and 115.
23
What is the greatest common divisor of 32232 and 12297851?
1343
Calculate the highest common divisor of 774692 and 280264.
2644
Calculate the highest common divisor of 5205395 and 1495.
65
What is the greatest common factor of 6429 and 23730?
3
Calculate the greatest common divisor of 182 and 492226.
14
What is the greatest common divisor of 1050 and 464590700?
350
What is the highest common factor of 9713223 and 56160?
351
Calculate the greatest common divisor of 1240 and 84859214.
62
What is the greatest common factor of 49467 and 14487?
33
What is the highest common factor of 816 and 22406952?
408
Calculate the highest common factor of 2433940 and 20.
20
Calculate the highest common factor of 3120076 and 108.
4
What is the greatest common factor of 136149857 and 391?
23
What is the greatest common factor of 469353 and 45492?
51
Calculate the highest common divisor of 9936 and 278024.
184
What is the highest common factor of 4545 and 1293525?
45
What is the greatest common divisor of 392 and 23169944?
392
Calculate the highest common factor of 24510399 and 4047.
57
Calculate the highest common divisor of 336016611 and 357.
357
Calculate the greatest common factor of 544628477 and 26243.
3749
Calculate the greatest common divisor of 11 and 30117043.
11
What is the greatest common factor of 36620 and 6705?
5
What is the highest common factor of 1312 and 20049?
41
What is the highest common factor of 268715 and 4608295?
1115
Calculate the highest common divisor of 86066 and 14.
2
Calculate the highest common divisor of 1938 and 60316374.
1938
Calculate the highest common divisor of 2478 and 92946.
42
Calculate the highest common factor of 96123068 and 1342.
122
Calculate the highest common factor of 75 and 509397.
3
Calculate the greatest common factor of 18108 and 30750.
6
Calculate the greatest common divisor of 80336 and 152.
8
What is the highest common factor of 211300754 and 112?
14
What is the highest common factor of 34175099 and 287?
287
Calculate the greatest common factor of 8716260 and 22260.
420
What is the greatest common divisor of 1653 and 189664669?
551
What is the greatest common divisor of 26 and 21437858?
26
Calculate the greatest common divisor of 15885 and 846.
9
Calculate the highest common factor of 462024 and 390042.
1674
What is the highest common divisor of 648566360 and 156?
52
Calculate the greatest common factor of 8526 and 781869.
87
Calculate the highest common divisor of 25903728 and 60784.
464
Calculate the greatest common divisor of 441696472 and 7.
7
Calculate the greatest common divisor of 2130932 and 12.
4
What is the highest common divisor of 294 and 483456?
6
What is the greatest common factor of 1713703 and 394?
197
What is the highest common divisor of 182468 and 62582?
754
Calculate the highest common divisor of 1204 and 47455359.
301
What is the highest common divisor of 4731475 and 1900?
475
Calculate the greatest common divisor of 70 and 923943895.
35
Calculate the greatest common factor of 99668 and 4652.
4
Calculate the highest common factor of 29888126 and 2.
2
What is the greatest common factor of 51471 and 9633057?
399
What is the highest common factor of 87514391 and 239?
239
Calculate the greatest common factor of 784 and 1053108.
196
Calculate the highest common factor of 79264 and 1112173.
2477
Calculate the greatest common factor of 5285 and 136707095.
5285
Calculate the highest common factor of 7940530 and 325.
65
Calculate the greatest common divisor of 19231260 and 3240.
60
What is the greatest common factor of 13892 and 14849642?
302
What is the highest common divisor of 2912 and 300443?
13
What is the highest common factor of 50397816 and 29512?
1736
What is the greatest common divisor of 27113890 and 7930?
610
Calculate the highest common divisor of 406721 and 40061.
679
What is the highest common divisor of 484255369 and 29?
29
Calculate the greatest common factor of 22960 and 5432910.
2870
Calculate the highest common factor of 7040851 and 271.
271
What is the greatest common divisor of 3624573 and 1083?
57
What is the highest common divisor of 98069100 and 24?
12
Calculate the greatest common divisor of 888 and 61655024.
296
What is the greatest common factor of 6930651 and 42?
21
What is the highest common factor of 15225 and 8341725?
525
What is the highest common factor of 9069228 and 119?
119
What is the highest common divisor of 178024509 and 26?
13
Calculate the greatest common divisor of 11500 and 3847555.
115
Calculate the greatest common divisor of 83930 and 17479.
77
What is the highest common factor of 137032 and 37058?
14
What is the greatest common factor of 2779491 and 1127841?
4719
Calculate the greatest common factor of 29115424 and 5792.
32
Calculate the highest common factor of 156 and 698620.
52
What is the highest common factor of 2142 and 1423002?
714
Calculate the greatest common factor of 16 and 35189184.
16
Calculate the highest common factor of 1215 and 16242363.
243
Calculate the greatest common factor of 8130 and 316691142.
1626
Calculate the g